t n(f) be the second derivative of z(f). Calculate n(s).
-6
Let m(q) be the second derivative of -q**5/60 - q**4/8 + 2*q**3/3 - q**2 - q. Let s(h) be the first derivative of m(h). Let b be (-1)/4 - 15/4. Give s(b).
0
Let p(w) be the second derivative of w**3/6 - 5*w**2/2 - 5*w. Suppose -108 = -5*y + y. Let i be 6/y - (-52)/9. Give p(i).
1
Let r(q) = -q**2 - 16*q - 22. Let g be r(-15). Let s(h) = -h**3 - 8*h**2 - 7*h - 7. Give s(g).
-7
Let w(p) = p. Let h = -4 + 7. Let m = 17 - h. Suppose 2*d + m = -d + 2*k, -3*k = -4*d - 20. Calculate w(d).
-2
Let b(v) = 24*v - 11. Let n(j) = -5*j + 2. Let m(l) = -2*b(l) - 11*n(l). Determine m(-1).
-7
Let b(t) = -t**2 + 1. Let a be (2 - -1) + (0 - -1). Suppose 0 = 2*u - 4*l + 4, 3*u + 3*l - 2*l = 15. Let k = a - u. What is b(k)?
1
Let h(j) = -j**3 + 8*j**2 - 6*j + 4. Let b(f) = -2*f**3 + 9*f**2 - 6*f + 3. Let s(z) = 2*b(z) - 3*h(z). What is s(-7)?
1
Let g(n) be the third derivative of n**6/120 - n**5/30 + n**4/8 - n**3/6 - n**2. Let x be 5/((-20)/6)*-2. Suppose -x*i = -4 - 2. Give g(i).
5
Suppose 3*d - 3 = 18. Let z = 5 - d. Let w(k) = 1. Let m(x) = x**2 - 2*x + 2. Let f(n) = -m(n) + 5*w(n). Calculate f(z).
-5
Let f(x) = x - 1. Let q be f(6). Let o be (-1 - q)*5/(-10). Let v(y) = -3*y**3 + 3*y + 2*y**o + 0*y**2 + 0*y**2 - 3*y**2 - 4. Calculate v(-4).
0
Let f(d) = d**2 - 2. Let u(z) = 5*z**3 - z**2 + 1. Let w be u(1). Suppose -w*y = -4 - 6. Give f(y).
2
Let s(o) = -o - 2. Let l(v) = -v**3 + 5*v**2 - 2*v. Let c be l(4). Suppose m + 5*k - 25 = -3*m, -3*m = -3*k - 12. Let q = c - m. Calculate s(q).
-5
Let b(q) be the third derivative of q**5/30 - q**4/24 + q**3/3 + 3*q**2. Calculate b(-2).
12
Let u(t) = -9*t + 7. Let d(o) = 4*o - 12. Let i(b) = -3*b + 8. Let r(y) = 5*d(y) + 8*i(y). Let h(g) = -7*r(g) + 3*u(g). What is h(3)?
-4
Let d be (-15)/(-6) + -1 + (-9)/(-6). Let q(t) = -t**3 + 2*t**2 + 4. Give q(d).
-5
Let v = 0 - 0. Suppose -2*f - z = -13, -2*f - z - 2 = -3*f. Suppose -5*d + v*d + f*g = 5, 4*d - g + 7 = 0. Let a(n) = n**3 + 1. What is a(d)?
-7
Let a(n) = -32*n - 5. Let z(u) = -21*u - 3. Let y(k) = -5*a(k) + 8*z(k). Suppose -2*d + 0 + 2 = 0. Suppose 0*b + d = -b. Give y(b).
9
Let z(c) = -2*c - 4. Suppose -39 + 9 = 5*j. Give z(j).
8
Let z(i) = -i + 5. Let g be z(0). Let t(h) = 7*h + 4. Let b(f) = -15*f - 9. Let n(y) = -6*b(y) - 13*t(y). What is n(g)?
-3
Let u = 0 + 3. Let j(d) = d**3 - 2*d**2 - 4*d. Give j(u).
-3
Let u(s) = 4*s**2 + 1. Let q(l) = 3*l**2 + 1. Let f(z) = 7*q(z) - 6*u(z). Let r = -1 - -2. What is f(r)?
-2
Let o = -94 + 87. Let x(w) = w**3 + 7*w**2 - 2*w - 8. What is x(o)?
6
Let l(j) = 3*j + 3. Let g be l(-3). Suppose 2*m + 22 - 50 = -5*o, 2*o - 8 = 0. Let f(y) = 1 - 2*y + m*y - 3*y - 6. What is f(g)?
1
Let j(p) = -p**3 - 7*p**2 + 6*p + 2. Let u(r) = r**2 + 16*r - 44. Let b be u(-18). Determine j(b).
18
Let v(a) be the first derivative of a**3/3 + a**2/2 - 5. Let k = -3 + 4. Give v(k).
2
Let t = 10 - 9. Let i(o) = 4*o + 1. What is i(t)?
5
Let p(c) = c - 5. Let k(l) = 4*l**2 - 3*l + 1. Let u be k(2). Let m be p(u). Let v(n) = -n**3 + 7*n**2 - 8*n. Calculate v(m).
-12
Let k(d) = -2*d + 5. Let j be (-3)/(-9) - (-22)/6. Let w be k(j). Let v = 1 + w. Let y(q) = 3*q**2 + 3*q + 2. What is y(v)?
8
Let y(h) = h - 12. Let u(b) = b - 8. Let v(f) = -8*u(f) + 5*y(f). Suppose 5*q = 3*q + 6. What is v(q)?
-5
Let j(o) be the first derivative of -o**3/3 + o**2/2 + 5*o + 2. Suppose 0*h + 4*h = 0. Let n be (h/(-1))/(0 + -2). What is j(n)?
5
Let u(x) be the third derivative of 0*x - 1/60*x**6 - 1/6*x**3 + 3*x**2 - 1/20*x**5 - 1/24*x**4 + 0. Determine u(-2).
5
Let x(h) = h**3 - h**2 - 1. Let m(g) = -3*g**3 + 3*g**2 + 2. Let u(s) = 2*m(s) + 5*x(s). Determine u(-1).
1
Suppose -2*r - 3 = -4*u - 13, -2*r + 10 = -u. Let z(l) = -l**2 + l + 10. Give z(u).
10
Let h(w) = -9*w + w**2 - 1 - 2 + 4*w - 3. What is h(5)?
-6
Let r(a) = 5*a - a**2 + 4 - 5 + 0*a**2. Let o be r(4). Let v(m) = o*m**2 + 20*m - 13*m + m**3 + 4*m**2. What is v(-6)?
-6
Let t(m) = 2*m**2 - 5*m + 3. Suppose -4*p = -2*p, j + 2*p = 2. Suppose -j*k - 3 - 5 = 0. Let a = k + 7. Calculate t(a).
6
Let w(v) = v - 3. Let u be w(6). Let l(g) = g**2 - 10*g - 20. Let f(j) = -j**2 + 9*j + 17. Let k(m) = -6*f(m) - 5*l(m). Give k(u).
-5
Suppose -24 = -4*u + 4. Let q = u - 5. Let b(i) = 2*i**2 - 2. Calculate b(q).
6
Let j(h) be the third derivative of h**5/60 - h**4/24 - h**3/6 + h**2. Determine j(0).
-1
Suppose 0 = -2*b - 8 + 4. Let t(i) = 13*i. Give t(b).
-26
Suppose -j = j - 20. Let p = j + -6. Let z(m) = -m**3 + 3*m**2 + 5*m - 6. What is z(p)?
-2
Let u = 18 - 17. Let x(i) = 6 - 3 - 3 - i - u. Give x(-1).
0
Let k(r) = -r**2 - 6*r - 4. Let p(d) = 6*d**2 + 31*d + 21. Let v(y) = -11*k(y) - 2*p(y). Determine v(3).
5
Let q(l) = l**3 + 8*l**2 - 3. Let p(d) = -2*d**3 - 17*d**2 + d + 7. Let v(t) = -2*p(t) - 5*q(t). Give v(-6).
13
Let o = -3 - -1. Let n(i) = 3*i**2 + 5*i + 6. Let q(l) = -4*l + l**2 - 1 + l + 4*l + 2. Let c(j) = -n(j) + 5*q(j). What is c(o)?
7
Let d(a) = 4 - 3*a + a + a. Let q be d(2). Let w(g) = 4*g + 4*g**2 - 6 - 3*g**q + 0*g. What is w(-6)?
6
Suppose -2*z - 6 = -16. Suppose 0 = 4*u - 15 + 3. Let n(s) = -z - u*s**3 + 2*s + 5 - 1. What is n(1)?
-2
Let t(y) = y**2 + 7*y + 6. Let a be t(-6). Suppose 6 + a = -w. Let j(p) = -2*p**3 + 3*p**3 + 7*p**2 + 8 + 13*p - 5*p. Calculate j(w).
-4
Let s(o) = o**2 + 8*o + 1. Suppose 3*q - 6 = 2*b, 0 = -b - 4*b + q - 28. Calculate s(b).
-11
Let o be -1*0*2/(-4). Suppose a + 7 = 6*g - 3*g, 20 = 4*a + 4*g. Let x(z) = 6*z + 7*z**2 + o*z**a - 3*z**2 - z**3. Calculate x(5).
5
Suppose 5*h = -2*d + 23, 2*h + 9 = 5*d - 5. Let q(f) be the second derivative of -f**4/6 + f**3/3 + 3*f**2/2 - 4*f. Calculate q(h).
-9
Let t(f) = f**2 - 2. Let z = 0 - 2. Give t(z).
2
Let g be (-8)/(-4) + (3 - 0). Suppose -2 - 18 = -g*u. Let h(j) = -j**2 + 4*j - 6. Calculate h(u).
-6
Let k(c) be the second derivative of -c**3/3 + 3*c. What is k(3)?
-6
Let m be 2/4 + (-39)/(-26). Let v(c) = -2*c**3 + 3*c**2 - c + 1. Give v(m).
-5
Let u = 35 - 38. Let o(v) = v - 1. Give o(u).
-4
Let c(r) = r - 3. Let s(i) = 4 - 4 + i - 1 - 2. Let j be s(3). Calculate c(j).
-3
Let n(p) = -4*p + 14. Let g be n(5). Let s(d) = d + 12. Give s(g).
6
Let h(q) = -q**2 + 4*q + 1. Suppose -5*i = 2*u + 7, -2*i + 11 = 5*u + i. Suppose -3*d = -u*d + 4. Give h(d).
1
Suppose 0 = -h - t - 9, 5*h - 3*t - t = -9. Let b(f) = -3*f + 0 + 11 + 4*f. Determine b(h).
6
Let g(w) = w**2 - 6*w - 5. Let j(n) = -n**3 - 5*n**2 - n + 1. Let a be j(-5). Give g(a).
-5
Let g(b) be the first derivative of -8*b**3/3 + 11*b + 3. Let r(k) = 3*k**2 - 4. Let c(w) = -4*g(w) - 11*r(w). Let n = 2 + -3. Calculate c(n).
-1
Let k(t) = t**3 + 5*t**2 - 7*t - 7. Suppose -5 = 3*o + 13. Let z(y) = 2*y + 6. Let w be z(o). What is k(w)?
-1
Let k(w) = w - 1. Let o(u) = -6*u + 1. Let t(x) = -3*k(x) - o(x). What is t(-2)?
-4
Let n(s) = 2*s + 1 + 1 - 3*s**2 - 4 + 3. Determine n(3).
-20
Let p(m) = -m**2 + 16*m - 9. Let y be p(15). Let s(f) = 4*f**2 + 2*f**3 - 3*f**3 - 9 + 5*f + y. What is s(5)?
-3
Suppose -1 + 14 = h + 2*x, -3*h = 3*x - 24. Let s(o) = -h*o - 5*o + 4*o. Calculate s(-2).
8
Let x(d) be the first derivative of d**4 + 2*d**3/3 + d**2 + d + 1. Suppose -4*k - 2 = -10. Let v be k/7 - 63/49. What is x(v)?
-3
Let l be ((-9)/12 + 0)*-4. Let t(f) = 3*f**l + 2*f**3 - 6*f**3 + 1. Let k(h) = -h + 4. Let m be k(4). What is t(m)?
1
Suppose 0 = -0*b + 4*b + 20. Let x = b + 2. Let y(r) = -r**2 - 5*r - 4. Calculate y(x).
2
Let r(l) = -l - 7. Let i = 0 - 3. Determine r(i).
-4
Let q(k) be the third derivative of 13*k**4/24 - k**3/6 - 28*k**2. What is q(-1)?
-14
Let z be (-16)/(-9) - 4/(-18). Let j(w) = 11*w - 7 - 16*w + z*w**2 - w**3 - 8*w**2. What is j(-5)?
-7
Let w(r) = r**3 - 5*r**2 - 2. Let m be w(5). Let b(p) = 4*p**3 + 10*p**2 - 2*p - 8. Let j(k) = k**3 + 2*k**2 - 2. Let l(q) = b(q) - 3*j(q). Determine l(m).
10
Let t(p) = -13*p - 2. Let f(r) = 26*r + 3. Let x(l) = -3*f(l) - 5*t(l). What is x(1)?
-12
Let n = -7 + 8. Let x(h) = 3 - 8 + n - h**2 + 2*h. Determine x(3).
-7
Suppose 2*u + 3*o = -4, 3*u - o + 3*o - 4 = 0. Let k be 8/5 - (-4)/10. Let n(x) = x - 2*x + u*x + 1 + k*x**2. Calculate n(-2).
3
Let v(l) = 4 + 3*l - l - l - 3*l. Determine v(3).
-2
Suppose 10*f - 2*f - 24 = 0. Let v(d) = 3*d + 1. Determine v(f).
10
Suppose -21*g + 17*g =